7 - 11 - -3)?
8
Evaluate 23 - (27 + 6) - (-15 + (0 - -1)).
4
What is 18 - (-2 + 17 - (-21 - -3))?
-15
What is (-5 + 10 - (-2 + -1)) + -14 + 0?
-6
-37 + 107 + 0 + 6 + -3 + -14
59
What is -3 + -47 - (-51 + (13 - -13) - -47)?
-72
(13 - 16 - (-10 - -1)) + 23 + 40 + -124
-55
What is 22 + 3 + (-35 - (-7 + -6))?
3
Calculate 9 + (0 + 5 - (24 + -4)).
-6
Evaluate 67 + -61 + (13 - 23).
-4
1 + 1 - ((10 - -10) + -48 + 79)
-49
What is -6 + 37 - 14 - 21?
-4
What is (11 - 4) + 4 - ((-67 - -8) + 0 + 9)?
61
What is the value of -1 + (-29 - -25 - (30 - 40))?
5
Evaluate (-12 - 19) + 27 + 1 + 11 + (-9 - -12).
11
(0 - 2 - 16) + (463 - 544)
-99
What is 6 + (2 + -78 + -4 - (-20 + -34 + 40))?
-60
Calculate (4 + 4 - 1 - (60 - 48)) + 13.
8
Evaluate (2 - 1 - (-46 - -44)) + -7 + (-3 - 18).
-25
What is the value of 29 - (18 + (11 - 19) + 11)?
8
Calculate 19160 - 19133 - (-1 + (2 - -1) + -1).
26
0 + 54 - (224 + -212)
42
(19 - (-76 + 37)) + -19 - 119
-80
Evaluate (0 - -12) + 4 - (81 - 94).
29
What is the value of -300 + (-4 - -124) + 65?
-115
What is the value of 73 + -31 + 38 + -33?
47
What is 14 + (8 - (-20 - -14)) + 13?
41
What is the value of 2 + -1 - (-2 - (-27 + 12))?
-12
-14 + (3 + 0 - 81 - (545 - 547))
-90
Evaluate -3341 + 3345 + -99 + (-4 - 0) + 1.
-98
1 + -2 - 24 - (-2180 + 2159)
-4
Evaluate -70 - -1 - (22 + -15 + (30 - 26)).
-80
What is the value of 31 - (26 - -14 - 18)?
9
What is 65 + -33 + (0 - 11) - -4?
25
Calculate (-66 - 18) + 74 + 42.
32
What is (6 - -3) + (52 + -37 - (1 + 0)) + -14?
9
17 + -1 + 124 + -124 + -17
-1
(-55 - (-5 + -20)) + (29 - 14)
-15
Evaluate 296 + -232 + (-51 - 0).
13
What is -37 + 75 + -25 + 6 + -12 + -11?
-4
Evaluate 10 + -9 - 6 - -2 - (8 - 5) - 54.
-60
What is (17 - 9) + (10 - (-8 - -57))?
-31
Calculate -23 - (34 + -52) - (2 - -6).
-13
Evaluate (-24 - -48) + (-3 - 3) + -13 - -11 - -1.
17
-10 - (-5 + 1) - (46 - (27 - -22))
-3
What is the value of (-130 - (-167 - -42)) + 28?
23
12 + -13 + ((3 - 13) + 11 - -12)
12
Evaluate (26 + -40 - -51) + -93 - (0 - 16).
-40
Evaluate (109 - 146) + 147 - 49.
61
Calculate -8 + -23 + (-39 - -100) - -7.
37
Calculate 20 + (-11 - (-18 - -7 - -10)).
10
What is -1 + 18 - (-34 + (169 - 121))?
3
What is the value of 27 + -1 - (-458 + 465) - -103?
122
Evaluate (14 - -50) + -61 - (-5 + 32 + 4).
-28
What is the value of (47 - (0 - 5 - (55 + -67))) + 7?
47
Evaluate 0 - (-3 + 5) - (-197 - -145) - (3 + 4).
43
What is the value of (29 - (-9 - (-5 - -2) - -3)) + (4529 - 4517)?
44
-13 - (0 - -3 - (2 - -1 - (-102 + 134)))
-45
(-11 - 44) + 2 + (16 - (7 - 0) - 5)
-49
What is the value of 5 - (-18 + (40 - 1))?
-16
What is 19 - (46 + (32 - 38) + -26)?
5
Evaluate (-26 - (-90 - 0)) + -18 - -18.
64
Calculate 667 + -657 + -42 + 0.
-32
What is the value of (26576 - 26565) + (0 + -13 - (1 + 1))?
-4
-4 - -72 - (37 - -2 - (53 + -32))
50
Calculate (-962 - -951 - (3 + -1 + -10)) + 63.
60
What is the value of -2 + -19 + -1 - (4752 - 4713)?
-61
Calculate (5 - -23) + -16 + -20.
-8
Calculate (-19 + 6 + 28 - -14) + 10.
39
(-42 - -20) + (216 - 134)
60
(39 - -16) + (-47 - 25)
-17
What is the value of 4 + (-14 + (9 - 6) - -13) - (4 - 1)?
3
What is 15 + -15 + -14 + 57 + (-15 - -11)?
39
Evaluate -75 - (-8 - (7 + -28 + -9 + (3 - -11))).
-83
What is 2 - ((-15 - -28) + (-107 + 3 - -3))?
90
What is 16 + (39 + -24 - 19)?
12
18 + (1 + 3 - -11) + -69
-36
What is 0 + -2 + -45 - 1 - ((-94 - -155) + -57)?
-52
Calculate -12 - ((22 + -14 - 36) + -13 - -10).
19
What is (-139 - (-52 - -1)) + 47?
-41
What is the value of (-57 - -5) + (-199 - -197) + -2 + 18?
-38
What is 0 - (-13 - 2) - (113 + -66 + 13)?
-45
What is -18 - (-19 - (8 - (-8 + 13)))?
4
Evaluate (3396 - 3478) + (11 - (0 - (-4 - 1 - -3))).
-73
Evaluate -30 + 1 - (-45 + -53).
69
Evaluate 12 - ((-1 - -18) + (-65 - -37)).
23
(157 - 282) + 129 - (0 + 72)
-68
(0 - 14) + -5 - (-72 + 4 - 61)
110
Evaluate -1 + (-14 - 6) + 17 - 44.
-48
What is the value of (-42 - (-122 - -69) - (14 - 1)) + -44?
-46
-4 + 6 + -32 + 342 + -228
84
(-28 - ((1 - (-5 - 14)) + -7)) + -3
-44
What is -563 + 741 - (-17 - -80)?
115
What is 138 - (102 - -56) - (1 - 40)?
19
Evaluate (-22 - -82) + -27 + 0 + 32.
65
Calculate 5 + 7 + (12 + -33 - -51) + -1 + 0.
41
What is the value of -8 + 1 + 14 + 19 + (-27 - -18)?
17
Evaluate -120 - -5 - (11 + 3 - (268 - 237)).
-98
What is 2 + -66 + -1 + (-83 - (-39 + -31)) + -8?
-86
What is -37 - (-23 - -97) - -98?
-13
What is the value of -2 + (4 - -69) + 32 + -45?
58
What is the value of -1173 + 1117 + (24 - 3) + 0?
-35
What is -134 + -2 - (-89 + 198 - 127)?
-118
Evaluate 43 - 0 - (11 - (-20 + (-9 - -27))).
30
(16 - (17 - -15)) + (10 - -7) - 67
-66
What is the value of -1490 - -1500 - ((-51 - (-3 - 1)) + -4)?
61
Calculate 14 + (-1 - -2 - (3 - (42 - 51))) - 70.
-67
What is the value of -205 - -248 - ((-4 - -7) + (-5 - 4))?
49
Calculate 10 + 2 + 14 + 49 + (-15 - (-6 - 4)).
70
What is -10160 - -10186 - (-1 + 0 - 21)?
48
Evaluate -6 + (12 - 2) + (-122 - -154) + -7.
29
-910 - -990 - (5 + -3)
78
Calculate (-1201 - -1258) + -58 + 3.
2
What is the value of 51 + -2 - (-173 + 142 - (-16 - 0))?
64
Calculate 56 - 16 - (121 + -132).
51
Calculate 12 + -1 + (44 - 18).
37
What is (-3 - -2 - (21 + 8 + 27)) + -5 - 2?
-64
What is the value of -20 + (-5 - -10 - 4) - -4?
-15
What is the value of (6 + -3 + 1 - (61 - 69)) + -66?
-54
What is (7 - 26) + (-46 - -85) - (73 + 1)?
-54
Calculate (-41 - 13) + 49 + 45.
40
What is the value of -62 + (7 - (-43 + -48))?
36
Calculate -1162 - -1104 - ((-20 - (-3 - -1 - 2)) + 3).
-45
1 + -1 + 0 + 69 + (-41 - (70 - 98))
56
Calculate (52 - 9) + -32 + (-41 - (3 + -3)).
-30
What is the value of 101 + (43 - (19 - 12) - 40)?
97
What is 5 - (2 - -5) - (-4 + (-27 - -7)) - 9?
13
What is the value of -5 + 1 + 6 - (151 - 131)?
-18
What is -1 + -6 + -26 + 46?
13
What is 12 + (2 - 83 - -70)?
1
Calculate 1 + 62 + (0 - 54) + (-3963 - -4003).
49
179 + -185 + (47 - (-2 + 0))
43
What is (-3 - -9) + 33 - (-6 - -4 - 1)?
42
Evaluate (-21 - (-118 - -34 - 13)) + (5 - 16).
65
Evaluate (5 - -3) + (-2 - -1) - (-53 + 23 + -13).
50
What is (-149 - -172) + (-17 - -5 - -92)?
103
What is the value of (71 - 105) + 32 - 33?
-35
Evaluate -77 + (185 + -96 - 86).
-74
42 - ((33 - -8) + -11)
12
-3 + 131 + -239 - -132
21
What is the value of 10 + 10 + -17 - (-21 - 25)?
49
What is the value of 43 + 7 + (-7 - -26 - 26) + 19?
62
What is (2 - (-5 + -1)) + 51 + -13?
46
(-41 - 1) + (8 - 31) + (29 - 12) - -3
-45
Calculate 96 + 91 + -295 + 5.
-103
What is the value of 57 - (-37 + -3 - -64)?
33
What is -50 + 89 + -7 - 5?
27
-28 - (-14 + 22 - 14) - -60
38
Evaluate 14 - -17 - 32 - -34.
33
Evaluate 1 + 8 - (-26 + 7 + -3 - -71).
-40
Evaluate -1 - 3 - (15 - (67 - -14)) - -1.
63
Calculate -57 - (-91 - -67) - (0 - -12).
-45
What is the value of -76 + 9 - -5 - -73?
11
Calculate 0 + (-1 - -3) - (-128 - -182 - 45) - -71.
64
Calculate (3 - 1) + 44 + 6700 + -6660.
86
Evaluate 161 + 61 + -116 + 23.
129
What is 18 + (-1 + 0 - (68 + -84 - 41))?
74
What is 3 + 1 + (-41 - -138) + -59?
42
-90 - -80 - -11 - 72
-71
What is the value of 25 - (7 - 2) - (-7 - (8 - 13))?
22
-4 - -3 - 43 - ((-6 - 36) + 6 - -39)
-47
Calculate 121 + -14 + -26 + -67.
14
What is the value of -14 - -45 - -3 - (-7 - -24)?
17
What is 0 - (-1 - -22) - -41?
20
Calculate 1436 - 1472 - (1 - 37).
0
Calculate 45 - 46 - -12 - -5.
16
What is 70 - -6 - (-13 + (23 - (-16 - -12)))?
62
-4 + 26 - (1 + -4 + 4 + 8)
13
Evaluate -73 - (1 + -2) - (-158 + 140).
-54
Calculate -5 + (1 - -8) + 51 + -59.
-4
Evaluate 10 + 3 + -98 - (-10 - (-4 + -2 - -1)).
-80
-20 + (7 - (-1 + -8 - (-21 - -18)))
-7
Calculate -6 + 3 + 2 + 1 - (-522 + 505).
17
What is the value of 49 + 0 - (-14351 + 14464)?
-64
-32 - (-33 - (-45 - (15 - 45)))
-14
-4 - (4 + -105) - (-85 + (34 - -65))
83
Calculate -33 + 1 + (9 - ((13 - -5) + 1 + -7)).
-35
Evaluate -52 + 91 + (-19 - 20).
0
Calculate 8 + 11 + 6 + (3 - -6) + 2.
36
Calculate -37 + 26 + 16 - (-64 - -71 - (-1 + -6)).
-9
What is the value of (12 - -26 - 30) + (8 - 12)?
4
-10 + -56 + -422 + 397
-91
Calculate (23 - (-6 + 17)) + (-20 - (-42 + 9)).
25
What is the value of 3 + -5 + (-18 - (-4 - 16 - 3))?
3
Calculate -6 - 97 - 10 - (160 + -190).
-83
What is the value of (4 - (8 + -12)) + 6 + (-36 - -9)?
-13
What is the value of (2 - (-13 + 14 - 14 - -16)) + (-1 - -50)?
48
What is the value of 